 6/(-6) + -3 - -61. Calculate the greatest common divisor of y and 19.
19
Let z be (-3)/(((-9)/6)/1). Calculate the greatest common divisor of z and 5.
1
Let a(x) = -35*x - 10. Let b be a(-2). What is the greatest common factor of b and 6?
6
Suppose 323 = 2*w + 2*w - 5*d, 4*w + 5*d = 373. Let j = -32 + w. What is the greatest common factor of j and 11?
11
Suppose -2*h - 5*q = -53 - 0, 4*h + 3*q = 85. What is the highest common factor of h and 57?
19
Let w = -230 - -300. Let j be (40/6)/(-2)*-3. What is the greatest common factor of w and j?
10
Let y = 1 - -7. Calculate the greatest common divisor of 12 and y.
4
Suppose 0 = 2*x + 2*y - 3*y - 100, -2*x - 5*y = -76. What is the highest common divisor of x and 32?
16
Let w(i) = i**2 - 3*i + 3. Let u be w(4). What is the greatest common divisor of u and 1?
1
Let c = 105 - 51. Calculate the highest common factor of c and 90.
18
Let x = 3 + 13. Let k(a) = a**3 - 3*a**2 + a + 1. Let f be k(2). Let r be (f - (-2 - -2))*-80. What is the greatest common factor of x and r?
16
Let n(v) = v**2 + 2*v - 2. Let s be n(-4). Let z be 1/3 - 15/(-9). Suppose z*y - 9 = 9. What is the highest common factor of s and y?
3
Suppose -127 = -2*h - 2*p - 13, -303 = -5*h + p. What is the highest common divisor of 30 and h?
30
Let m = -6 - -9. Let s = m - -27. Let w be (-3)/(-1)*10/3. Calculate the greatest common factor of w and s.
10
Let p(z) = z**3 + 5*z**2 + 1. Let i be p(-5). Let s be i/(0 - (-2)/14). What is the greatest common divisor of s and 1?
1
Let r be 1 + (-8)/(-6)*(-9)/(-6). Let m(l) = l**3 + 6*l**2 - 10*l. Let u be m(-7). Calculate the highest common divisor of r and u.
3
Suppose 2*o = 3 + 1. Suppose -29 = -2*a - d, -3*d = -a - o*d + 10. Let k be 39/2*4/6. Calculate the highest common factor of k and a.
13
Suppose 2*p + 9 = 13. Suppose 1 = t + 2, -3*u + p*t = -59. What is the highest common factor of 171 and u?
19
Let t be (1 + 20)*(-5)/(-45)*3. Calculate the greatest common factor of 49 and t.
7
Let z = -7 - -23. What is the highest common divisor of 80 and z?
16
Let v(d) = 4*d + 1. Let i be (-3 + 0)*4/(-12). Suppose i + 3 = 4*m. Let c be v(m). Calculate the greatest common divisor of 10 and c.
5
Suppose -2*r = 5*q - 13, -q = r + q - 6. What is the highest common factor of 4 and r?
4
Let y be ((-20)/2)/(2/(-3)). Suppose -30 = -2*h - 5*p - 9, 5*h - 24 = -3*p. Calculate the highest common divisor of y and h.
3
Suppose -150 = -5*m + 2*m. Calculate the highest common divisor of m and 10.
10
Let t(l) = -l + 8. Let m be t(-4). What is the greatest common factor of m and 132?
12
Let u(d) = -d**3 - 7*d**2 + d + 8. Let x be u(-8). What is the highest common factor of 8 and x?
8
Suppose i = -0*i. Suppose i = -2*c + 7*c. Suppose t - 4*q - 6 + 8 = c, 3*t + q = 59. What is the highest common divisor of 18 and t?
18
Let k be (-3)/((-36)/(-8))*-3. Calculate the highest common factor of k and 10.
2
Let z(o) = 2*o - 1. Let v be z(2). Calculate the highest common divisor of 21 and v.
3
Let j be ((-10)/(-8))/(1/20) - 1. What is the highest common divisor of j and 6?
6
Let u be 183/21 + 6/21. Let p be (u/(-4))/((-12)/(-224)). Let n be 1 + (0 + p)/(-3). What is the highest common divisor of 120 and n?
15
Let m(f) = -f**2 + 7*f - 2. Let i be m(6). Suppose 0*n + 4*x = 3*n + 17, -4*n = -4*x + 16. Calculate the highest common divisor of n and i.
1
Let t(o) = o. Let n be t(1). Let s = -198 - -199. What is the highest common divisor of s and n?
1
Suppose 3*h + 6 = 33. Let y = h + -6. Suppose -7 = -d - y. Calculate the highest common divisor of 1 and d.
1
Let q be (-532)/35*-8 - 3/5. What is the highest common factor of q and 11?
11
Let n(g) = g**3 + 4*g**2 - 5*g. Let v be n(-5). Suppose -j + 5*d + 53 = v, 0 = -3*j + 5*d - 2*d + 111. Calculate the greatest common divisor of j and 11.
11
Let l(t) = t**3 + 4*t**2 + 3*t + 4. Let j be l(-3). Let o(h) = h**3 + h**2 - 4*h - 1. Let r be o(j). Calculate the highest common factor of r and 7.
7
Suppose 0 = -4*m + 12. Suppose 3*q + 0*q = -3, r - 2*q = -m. Let k = r - -25. What is the highest common factor of 10 and k?
10
Let t be 2/((-39)/12 + 3). Let u(q) = -10*q + 8. Let i be u(t). What is the highest common divisor of i and 8?
8
Let h = -2 + 4. Suppose 3*o - h*o = 36. Let c = -25 + o. Calculate the highest common factor of c and 11.
11
Let j = 795 - 415. What is the highest common factor of j and 38?
38
Let f = -46 - -66. Let c(h) = -h**2 + 14*h - 18. Let i be c(6). Calculate the greatest common factor of i and f.
10
Suppose c - 2 = 4. Let r be ((-8)/(-4))/(c/33). Calculate the greatest common divisor of 55 and r.
11
Let y(k) = -k**3 - k**2 + 2*k + 13. Let c be y(0). What is the highest common factor of 13 and c?
13
Suppose 0 = 3*h - 3*v + 102 - 294, 0 = -4*h + 2*v + 264. Suppose -j - b + 17 = 0, 0*b - 51 = -3*j - b. What is the highest common factor of j and h?
17
Suppose 2*h - 4*v - 8 = 0, 11 + 5 = 2*h + 4*v. Let l(q) = 35*q - 1. Let c be l(h). Calculate the greatest common factor of 19 and c.
19
Let x be -1*6/9*-3. Suppose x*w - 75 = -5*t, -4*t = w - 4*w + 78. Let j = -19 + 31. Calculate the highest common factor of j and w.
6
Suppose 21 - 6 = 3*m. Suppose 0 = -0*h + 3*h - 75. What is the highest common divisor of m and h?
5
Suppose -6*t + 3*t + 102 = -2*d, -2*t = -3*d - 63. Suppose v - 3*z + 2 = 15, -v = -2*z - 10. Calculate the greatest common factor of v and t.
4
Let x(v) = -3*v - 7. Let a be x(-5). Let h(c) = -c**2 - 9*c - 4. Let s be h(-8). Calculate the highest common divisor of s and a.
4
Let i = -39 - -19. Let u be 2/(-9) - i/9. Suppose -2*t + u*p + 82 = -3*p, -3*p + 216 = 4*t. Calculate the greatest common factor of 34 and t.
17
Let v be ((-10)/(-6))/((-3)/9). Let m = 10 + v. Suppose -3*z = -2*z + 4, -m*a + 3*z = -132. Calculate the highest common divisor of a and 96.
24
Let y = 94 - 60. Let c = -22 + y. Calculate the highest common divisor of 108 and c.
12
Let n be (2 - 3) + 4*1. Suppose s - 3 = n. Suppose -3*a = -4*a + 6. What is the greatest common divisor of a and s?
6
Let k be (-3)/6*-46 + 3. What is the greatest common factor of k and 286?
26
Let q be ((-14)/5)/(2/(-50)). Suppose -2*y + 5*d + 20 = 0, 3*y - y = 3*d + 20. What is the highest common factor of q and y?
10
Suppose -b = -2*h + 7*h - 275, -4*h - 1100 = -4*b. Let a be (34 - 30)*(-2)/(-2) + 21. What is the highest common divisor of a and b?
25
Let q be 4/(-22) + 211/11. Suppose -2*x - 5*d - q = -x, 3*d = -3*x - 9. Calculate the highest common divisor of x and 8.
1
Let n = -93 + 197. Suppose 9*q - 4*q = 10. Let g be -1*(-50 - q)/4. What is the greatest common factor of g and n?
13
Let h(g) = -49*g + 1. Suppose 0 = -n - n - 4. Let j be h(n). What is the highest common factor of j and 11?
11
Suppose 71*d = 69*d + 18. Calculate the greatest common factor of d and 63.
9
Suppose 0 = 2*p - 11 + 39. Let y be (-146)/p - (-27)/(-63). Let v be 422/6 - (-1)/(-3). Calculate the greatest common divisor of v and y.
10
Let m be ((0/(-1))/2)/(-1). Suppose m = -f - 3*f + 192. Calculate the greatest common divisor of 24 and f.
24
Suppose 6*h = 3*h - 108. Let q = -12 - h. What is the highest common factor of q and 3?
3
Let t = -10 - -15. Suppose t*s = 3*v + 4, v + 5*s = -v + 14. Suppose 3*f - r = v*r + 42, -r - 25 = -2*f. Calculate the greatest common divisor of 121 and f.
11
Suppose 0 = -6*t + 31 + 29. Calculate the greatest common divisor of t and 10.
10
Suppose 3*g + 2 + 5 = -4*s, 8 = -4*g - 5*s. Let h = 29 - 2. What is the greatest common divisor of g and h?
3
Suppose 82 = 4*b - 5*g, 3*b - 3 = 3*g + 57. Let t be (-2)/3 + 28/6. Suppose 26 + b = t*i. Calculate the greatest common divisor of i and 1.
1
Suppose 115 - 40 = 5*j. Suppose 4*p - 19 = 1. Calculate the greatest common factor of p and j.
5
Let v(x) = -x**3 - 2*x**2 - 4*x - 5. Let s be v(-2). What is the greatest common divisor of 15 and s?
3
Let s(d) = 6*d - 1. Let q be s(3). Calculate the highest common factor of 153 and q.
17
Suppose 3*s - 171 = -0*s. Suppose 2*b - 11 = 19. Let l = b - -4. What is the highest common factor of s and l?
19
Let u(g) be the third derivative of 0 - 1/8*g**4 - g**2 - 2/3*g**3 + 0*g + 1/30*g**5. Let b be u(-4). What is the highest common divisor of b and 5?
5
Let p be ((-51)/15 + 3)*-50. What is the greatest common divisor of p and 4?
4
Let f = 2